 + 3*w - 3. Determine t(g).
-1
Let j be (-9)/9*(0 + -1). Let d(x) = -x**2 + 6*x + 12. Let w(s) = -s. Let k(a) = j*d(a) + 6*w(a). Suppose -r - r = 0. Give k(r).
12
Let t(c) = -3*c**3 - c + 4. Let x(p) = -p**3 + 1. Let n(g) = -t(g) + 4*x(g). Calculate n(-2).
6
Let r be (1 - -2)*-20*6/(-72). Let k(q) = 7 - 4*q - 3*q + 5*q. Give k(r).
-3
Suppose 3*k = -2*n - 2*k + 18, 0 = -5*n - 5*k + 15. Let z(y) = -9*y**3 - 2*y**2 - 2*y - 1. What is z(n)?
8
Let b be (2/3)/((-1)/(-3)). Let j(m) = -3 + 4*m**b + 5*m - 6*m**2 + 3*m**2. Let u = -229 - -223. What is j(u)?
3
Let p(i) = 4 - 6 + 12 + 2 + i. Give p(-10).
2
Let i(y) = y + 1. Let b = -6 + 4. Let m(d) be the first derivative of -d**4/4 + 3*d**2/2 + 3*d + 6. Let h be m(b). Calculate i(h).
6
Let j(h) = 2*h + 4. Let l(o) = 3*o + 5. Let c(z) = 6*j(z) - 5*l(z). Suppose -4 = 2*f - 4*f. What is c(f)?
-7
Suppose 0 = 2*u - 0*u - 10. Suppose -2*w - 1 + 3 = -2*y, u*w = -2*y - 16. Let j(a) = a + 1 - 3*a - 3. Determine j(y).
4
Let q(j) = -j - 4. Let w be q(-5). Let o(d) = d - w - 2 + 0*d. Calculate o(4).
1
Let p(j) = -3*j + 9. Let u(m) = -2 + 10 + 2*m - 4*m. Let a(f) = -4*p(f) + 5*u(f). Let q(s) = s + 1. Let z be q(-6). Calculate a(z).
-6
Let m(g) be the third derivative of -g**5/60 + g**4/12 + g**3/6 + 21*g**2. Give m(4).
-7
Let t(p) be the third derivative of -p**5/60 - p**4/3 + 5*p**3/6 - 39*p**2. Calculate t(-7).
12
Let j(o) be the third derivative of o**4/8 + o**3/2 + 3*o**2. Suppose 6 = -3*b - 0*b. Determine j(b).
-3
Let g(v) = 3 + v + 9*v**2 - 3*v**3 + 2*v**3 - 4 + v. Determine g(9).
17
Suppose 3*z - 37 = -5*u, -u + 3*z + z + 12 = 0. Let c(v) = 2*v - 10. Let k be c(u). Let q(d) = -1 + 8*d**2 - k*d + 6*d. What is q(-1)?
7
Let o(c) = c**2 + 2*c - 1. Let u(w) = -w**2 - w + 1. Let a(x) = -3*o(x) - 4*u(x). What is a(2)?
-1
Let z(g) = 3*g. Suppose 0*r + 4*r - 8 = 0. Suppose -i + 5 = r. Calculate z(i).
9
Let u(j) be the second derivative of -5*j**4/12 - j**3/6 + 10*j. Let s be (1 - -2)*(-2)/(-6). What is u(s)?
-6
Let f = 1 + 1. Suppose 1 = f*h - 1. Let k(q) be the first derivative of -q**4/4 - q**3/3 + q**2 - q + 1. What is k(h)?
-1
Let x be 5 + -2*6/4. Let o(u) = -u**3 + 3*u**2 + u. Calculate o(x).
6
Let j(y) be the first derivative of 5/2*y**2 + 1 + 1/3*y**3 - 6*y. Determine j(-6).
0
Let j(c) = 5*c + 1. Let z be (8/(-16))/(2/(-4)). Give j(z).
6
Let n(p) = -5*p**3 - 32*p**2 + 7*p + 27. Let j(s) = -3*s**3 - 21*s**2 + 5*s + 18. Let d(o) = -8*j(o) + 5*n(o). Determine d(7).
5
Let k(c) = c - 11. Let d be k(10). Let v = 1 - d. Let r(n) = n - 1. Determine r(v).
1
Suppose -18 = -0*l - 3*l. Let r(s) = -s**2 - 5*s - 5. Let z(t) = -t**2 - 6*t - 6. Let f(y) = l*z(y) - 7*r(y). Calculate f(-3).
11
Let d(p) be the third derivative of p**5/60 - p**4/24 - 7*p**3/6 - p**2. Suppose 0 = 3*m - 5*t + 20, 5*m + 2*t = -0*m + 8. What is d(m)?
-7
Let g(d) = 2*d**3 + d**2. Let c(v) = -2*v**2 - 4*v + 6 + 5*v**2 - 3*v**2 - v**2. Let y be c(-5). What is g(y)?
3
Suppose -2*y + 8 = 0, -3*g - 2*y + 8 = -0*y. Let o(t) = g*t - 6 - t + 2. Determine o(-2).
-2
Let h be -5 - (4/(-3))/(12/(-18)). Let c(o) be the second derivative of o**5/20 + 2*o**4/3 + 5*o**3/6 - 3*o**2 + o. Determine c(h).
8
Let i(f) = f - 1 + 2 + 0. Let p(g) = -4*g + 3. Let l be p(0). Give i(l).
4
Let b(x) be the third derivative of x**4/24 + 5*x**3/6 + 2*x**2. Let h be b(-4). Let l(i) = 6*i**2 + 1. Give l(h).
7
Let k(t) = t**2 - 7*t + 2. Let d be k(7). Let s(z) = 0*z + 3*z - d*z + 1 - 2*z. Calculate s(4).
-3
Let s = 9 + -7. Let j(l) = 2*l + 3 - l**s - 4 + 1. Give j(2).
0
Let t(f) = f**3 + f**2 - 5*f - 4. Suppose -5*k - 8 = -k - l, 2*k = -5*l - 26. Determine t(k).
-7
Let d(n) = -5*n**3 + 11*n**2 - n + 3. Let i(w) = w**3 - w**2 - 1. Let s(k) = -d(k) - 6*i(k). Calculate s(-5).
-2
Let s(x) = -3 - 3*x + 0*x + 5*x + 0*x. Determine s(5).
7
Let a = 82 + -75. Let b(r) = r**3 - 7*r**2. Determine b(a).
0
Suppose 0 = -16*p + 17*p + 1. Let y(f) = -11*f**3 - f**2 + f + 1. Calculate y(p).
10
Let t(k) = -k**3 + 7*k**2 + 8*k + 2. Let u(d) = d**3 - 2*d + 8. Let p be u(0). Calculate t(p).
2
Let g(z) be the second derivative of 1/3*z**3 + 0 - z**2 - 1/24*z**4 - 2*z. Let h(t) be the first derivative of g(t). Give h(1).
1
Let w(u) = -u**2 + 3*u + 4. Let k be w(4). Suppose k = -g + 6*g - 25. Suppose 4 = g*n - 16. Let q(t) = -t**3 + 3*t**2 + 5*t - 5. Give q(n).
-1
Let w(s) = -4*s**3 - s**2 + 1. Let p(z) = z - 1. Let l(b) = -b**2 + 3*b + 1. Let j(a) = l(a) - p(a). Let h = -7 - -10. Let n be j(h). What is w(n)?
4
Let b(t) = 25*t**3 - 5*t + 2. Let w = 17 + -12. Let k(o) = -12*o**3 + 2*o - 1. Let g(l) = w*k(l) + 2*b(l). Calculate g(-1).
9
Let p(i) = i - 5. Let o be p(5). Let l(z) = -z + 6. Suppose 5*y + 17 = 4*j, -6 = -3*y + y. Let n(v) = 3*v - 17. Let t(b) = j*l(b) + 3*n(b). Give t(o).
-3
Let n(c) = 5*c - 6. Let h(d) be the first derivative of -11*d**2/2 + 12*d - 1. Let t(m) = 6*h(m) + 13*n(m). Determine t(-3).
-3
Suppose 20 = 4*i - 4. Suppose p + 2*p - i = 0. Let b(v) be the first derivative of -v**2/2 + 2. Determine b(p).
-2
Let b(l) = 6*l - 1. Let h(v) = v**3 + 2*v**2 - v - 1. Let j be h(-2). Give b(j).
5
Let n(o) = o - 3. Let f(p) = 3*p - 7. Let y(q) = 2*f(q) - 5*n(q). Determine y(4).
5
Let c(h) = h - 6. Let n(l) = l - 7. Let z(u) = -7*c(u) + 6*n(u). Determine z(-5).
5
Suppose -7*m + 2*m = -30. Let s(v) = v**3 - 5*v**2 - 5*v - 2. Let w be s(m). Let c(r) = -r**3 + 4*r**2 + 3*r - 6. Calculate c(w).
6
Let k(n) = -n - 1. Suppose 6 + 164 = -5*t - 5*m, t + 36 = -3*m. Let x be t/(-7) + 2/7. Calculate k(x).
-6
Let p(s) = s - 5. Suppose -o + 55 = 3*j, -3*j + 15 + 41 = 2*o. Let k = j + -12. Give p(k).
1
Let x(z) = 10*z**2 + z - 1. Suppose 0 = 2*a - 2*h + 8, 0 = -a - 4*h + 7 + 14. Calculate x(a).
10
Let o be (-62)/(-155)*20/2. Let x(i) = -2*i**2 + 6*i. Give x(o).
-8
Suppose -4*x + 4*u + 0 - 16 = 0, 4*u = -x + 21. Let o(q) be the third derivative of -1/60*q**5 + 0*q**3 + 0*q**4 + 0 + 0*q - 2*q**2. Calculate o(x).
-1
Let d(n) be the first derivative of 2*n**2 - n + 1. Let y be -1 + 0 - (2 + -5). Suppose -3*r - 5 = -y. Determine d(r).
-5
Let h(c) = 3*c - 3. Let m be h(2). Let w be (4 - 5)*(-1 + m). Let x(r) = 4*r**2 + 3*r. Calculate x(w).
10
Let g(v) be the first derivative of -v**2 - v + 12. Suppose 5*j - 8 = 5*l - 33, -4*l + 3*j + 18 = 0. Suppose 2 = -2*o, 2*w - 2*o - 4 = l*w. Give g(w).
3
Let g(v) = v**2 + 6*v - 2. Let b(c) = c**2 + 5*c - 2. Let d(p) = -3*b(p) + 2*g(p). Suppose 3*i + 11 = 5. Determine d(i).
4
Let y(z) = z + 0*z - 16 + 11. Suppose -5*r + 0*r = 10, 2*r + 4 = -2*h. Give y(h).
-5
Let b(q) = 2*q**2 + q - 1. Suppose 20 = -m + 5*m. Let a(j) = -j**3 + 6*j**2 - 4*j - 7. Let z be a(m). Determine b(z).
5
Let q(w) = 3*w - 6. Let f be q(3). Suppose -25 = -f*c - 10. Let k(i) be the first derivative of i**2 - 4*i - 1. What is k(c)?
6
Suppose 16*i = -150 + 38. Let z(f) = -f - 2. What is z(i)?
5
Let v(c) = 0*c**2 - 5*c**2 - 2 + 3*c + 4*c**2. What is v(5)?
-12
Let h(k) = -3*k - 4. Let m(b) = -b**2 + b + 1. Let d(z) = h(z) + 3*m(z). Let n(p) = p**3 + p**2 - 2*p + 1. Let o be n(1). Give d(o).
-4
Let z(a) = a**3 - 12*a**2 - a + 17. Let c be z(12). Suppose 5 = c*y - 3*l - 0, -l + 1 = y. Suppose 4*v + 7 = -y. Let g(r) = r**2 + 2. Calculate g(v).
6
Suppose -1 = -3*m + 5. Let a(i) = 3 + 1 + 2*i + m*i - 5. Determine a(4).
15
Let k(o) be the first derivative of -4*o**3/3 + 2*o**2 - 2*o + 16. What is k(2)?
-10
Suppose 6 = -q + 2. Let u(v) = v + 2. Determine u(q).
-2
Let t(a) = -3 - 2 + 1 - a. Let l(m) = m**3 + 4*m**2 + m - 3. Let b be l(-3). Give t(b).
-7
Let h(f) = -f**3 - f**2 + f + 6. Let b = -24 + 24. What is h(b)?
6
Let q(v) = -2*v**2 + 4*v**2 - 5*v**2 + 3*v - 1 - 2*v**2. Determine q(2).
-15
Suppose -4*u = -7*u + 3. Let c be -1 - -1*(0 - -1). Let b(w) = -w**3 + c + 1 - 2*w**2 + 5*w**3. What is b(u)?
3
Let v(f) be the second derivative of -f**4/12 + 4*f**3/3 + 5*f**2/2 - 29*f. Calculate v(6).
17
Let j(y) = 1. Let z(n) = -n + 4. Let v(h) = 5*j(h) - z(h). Calculate v(0).
1
Suppose 2*p + p = 12. Let f(n) = -n**3 - 3*n + n + 4*n + 3*n**2 + 3. Give f(p).
-5
Let r = 43 - 42. Let l(v) = v**3 - v**2 + v. What is l(r)?
1
Let v(k) be the first derivative of -k**4/4 - k**3/3 + 3*k**2/2 - k + 4. Give v(-3).
8
Let g(a) = a + 8. Let b(u) = 1. Let y(p) = 3*b(p) - g(p). Calculate y(-6).
1
Let y be (6/(-4))/((-18)/(-24)). Suppose -2*z - f =